1?
-3969
In base 10, what is -21857 - 108?
-21965
In base 4, what is -1012120003 + -12?
-1012120021
In base 7, what is -2 + -241104?
-241106
In base 15, what is 17 + 285?
29c
In base 12, what is -54a0 + -1a2?
-5682
In base 2, what is -1 - -101100011001111010?
101100011001111001
In base 15, what is 47 - -ba7?
bee
In base 6, what is -31 + 1222035?
1222004
In base 10, what is 35485 + 10?
35495
In base 5, what is -301234011 + 0?
-301234011
In base 9, what is -7 - 108875?
-108883
In base 10, what is 4633 - 24?
4609
In base 16, what is -afd - -2?
-afb
In base 4, what is -11233 - -1212023?
1200130
In base 2, what is 10 - -111011000000011?
111011000000101
In base 7, what is -64 - -13335?
13241
In base 6, what is 2024 - 321?
1303
In base 5, what is 32 + -32342023?
-32341441
In base 16, what is -21 - 15f8?
-1619
In base 5, what is 10 + -1133132?
-1133122
In base 15, what is 27 + 2d?
55
In base 12, what is -7aa30 - 2?
-7aa32
In base 7, what is 105 + -3320?
-3212
In base 8, what is 2 - -136446?
136450
In base 12, what is 3 + -2a9a45?
-2a9a42
In base 8, what is -65 - -275?
210
In base 16, what is 0 - -1197a?
1197a
In base 10, what is -1 - -134098?
134097
In base 3, what is 10 - -202100121?
202100201
In base 15, what is 27 - -44?
6b
In base 16, what is -5 - 1658?
-165d
In base 4, what is 10 - -2203332202?
2203332212
In base 12, what is 6a1723 - 2?
6a1721
In base 9, what is -156511 + 1?
-156510
In base 14, what is -4 + -caa?
-cb0
In base 6, what is -20425 + 10?
-20415
In base 6, what is -21 - -13124?
13103
In base 4, what is -231121220 + -2?
-231121222
In base 2, what is 100101100111100101 + 10?
100101100111100111
In base 2, what is -100111100101111011 - 11?
-100111100101111110
In base 15, what is -a + 2d98?
2d8d
In base 16, what is -2d - db?
-108
In base 5, what is -123334330 + 0?
-123334330
In base 10, what is 94 - 395?
-301
In base 9, what is 4 + -345286?
-345282
In base 16, what is fc - 3f?
bd
In base 14, what is -b2d + 159?
-9b4
In base 9, what is -443 - 12522?
-13065
In base 8, what is -1743410 + -3?
-1743413
In base 9, what is -15 + -2061?
-2076
In base 10, what is 1304 + 1559?
2863
In base 9, what is 1275 - -481?
1766
In base 3, what is 101122220212 + 10?
101122220222
In base 2, what is -110110011011 + -100?
-110110011111
In base 15, what is -15 - eb4?
-ec9
In base 6, what is 104042 + 515?
105001
In base 16, what is -3f - 1501?
-1540
In base 9, what is 6126054 + 0?
6126054
In base 11, what is 5432 + 1?
5433
In base 12, what is -6a1a + 13a?
-68a0
In base 9, what is -184756 + -3?
-184760
In base 14, what is 217 + ba?
2d3
In base 4, what is -3011 + 11133?
2122
In base 11, what is -17296 - -12?
-17284
In base 5, what is -2 + -1103424?
-1103431
In base 12, what is -194b9b - -15?
-194b86
In base 13, what is 771 + -3?
76b
In base 14, what is 6c + 38?
a6
In base 10, what is -7 - -32486?
32479
In base 8, what is -50347 + -31?
-50400
In base 11, what is 5 - 174580?
-174576
In base 7, what is 101 + 5065?
5166
In base 15, what is b54 - a?
b49
In base 3, what is 100021 - -200020?
1000111
In base 4, what is 10012023320 - -1?
10012023321
In base 11, what is -54822 + -11?
-54833
In base 14, what is -6 - 112806?
-11280c
In base 5, what is -32 + 13442411?
13442324
In base 10, what is 90 - 1304?
-1214
In base 6, what is -3 + 11241125?
11241122
In base 6, what is -4515304 - 5?
-4515313
In base 3, what is -12 - -101000002?
100222220
In base 14, what is -1d + 624?
605
In base 15, what is -4811 - 1c?
-482d
In base 6, what is -24155444 + -2?
-24155450
In base 15, what is -33 + 6905?
68c2
In base 6, what is -1354404 + 0?
-1354404
In base 9, what is 7 - 88808?
-88801
In base 11, what is -1 + 5042?
5041
In base 14, what is 2 - 35c1?
-35bd
In base 9, what is -4 - 1726?
-1731
In base 15, what is -2a18 + 4?
-2a14
In base 7, what is -2 - -306406?
306404
In base 10, what is 403806 + 0?
403806
In base 6, what is 32550 - -3405?
40355
In base 6, what is -25005 + -3?
-25012
In base 8, what is 2 + 137434?
137436
In base 5, what is -31044 - -4334?
-21210
In base 6, what is -140 - -35042?
34502
In base 15, what is -3a5c - -51?
-3a0b
In base 2, what is 1 - -1000000001001110001?
1000000001001110010
In base 7, what is -5 + -311565?
-311603
In base 4, what is -1131331 - -1?
-1131330
In base 9, what is -16 - 172225?
-172242
In base 5, what is -1142400 + -2?
-1142402
In base 2, what is 111101010000 - -11110001?
1000001000001
In base 3, what is -21111 - 112221?
-211102
In base 15, what is -89 + -29ce?
-2a68
In base 15, what is 18 - -6653?
666b
In base 11, what is 1213893 - -1?
1213894
In base 4, what is 120 + -111110301?
-111110121
In base 6, what is 1444334 - 3?
1444331
In base 8, what is 66 + 741?
1027
In base 3, what is 1 + 200022202?
200022210
In base 7, what is -11 + 355103?
355062
In base 16, what is -2b9c + -18?
-2bb4
In base 11, what is -546981 - 5?
-546986
In base 7, what is 413 - 2645?
-2232
In base 16, what is -165a - 7?
-1661
In base 5, what is 23241 + 0?
23241
In base 4, what is -233300000 + 1?
-233233333
In base 6, what is -23 - -1140210?
1140143
In base 4, what is -22213100 - -2?
-22213032
In base 7, what is 3131345 - 3?
3131342
In base 12, what is 15432 - -26?
15458
In base 11, what is -25584 + 1?
-25583
In base 2, what is -100 - 110000001000111?
-110000001001011
In base 6, what is 1323 + -5442?
-4115
In base 9, what is -5 + 71672?
71666
In base 3, what is 200221202 - -210?
200222112
In base 13, what is -176 - ca1?
-1147
In base 13, what is 8 - 2361?
-2356
In base 8, what is 5 + 31234?
31241
In base 12, what is 5 + 2a230?
2a235
In base 15, what is 3789b0 + 5?
3789b5
In base 14, what is 1 - -a14b7?
a14b8
In base 6, what is -51330 + 2?
-51324
In base 12, what is a6b70 - 1?
a6b6b
In base 3, what is 12210021 - 0?
12210021
In base 7, what is 561100 + 2?
561102
In base 6, what is 0 - -4340315?
4340315
In base 7, what is 11005 - -11053?
22061
In base 6, what is 15 - 54323?
-54304
In base 2, what is 1010 + -1001010000100?
-1001001111010
In base 7, what is -31 + -10412?
-10443
In base 4, what is 0 - -32000112?
32000112
In base 7, what is -2302100 + 12?
-2302055
In base 14, what is 154bd6 - -1?
154bd7
In base 6, what is 2 + -3115?
-3113
In base 10, what is -17 + 867?
850
In base 13, what is 3 + 237951?
237954
In base 16, what is -2e + -9a3?
-9d1
In base 16, what is aeda - -3?
aedd
In base 12, what is -232 + 0?
-232
In base 8, what is 4617 - -106?
4725
In base 10, what is -53 - 667?
-720
In base 15, what is 69 + -3d3?
-369
In base 9, what is 25 - -40?
65
In base 2, what is 1111001110001001 + 1110?
1111001110010111
In base 11, what is -9583 + 2?
-9581
In base 9, what is -5588 - 13?
-5612
In base 2, what is -101110 - 100100111011?
-100101101001
In base 4, what is -32 + -2011012?
-2011110
In base 15, what is -229e - 157?
-2406
In base 7, what is -3 - -440454?
440451
In base 8, what is 1201 - -50?
1251
In base 8, what is 1327 - 14?
1313
In base 4, what is -101022013 + 3?
-101022010
In base 9, what is -152052 + -4?
-152056
In base 16, what is -36343 - -7?
-3633c
In base 11, what is 489 + 277?
755
In base 10, what is 47 + -2058?
-2011
In base 6, what is -11340 - -2?
-11334
In base 3, what is 1002112001112 - -1?
1002112001120
In base 10, what is 1 - -39592?
39593
In base 13, what is -2aa51 + -2?
-2aa53
In base 14, what is 28 + -24cd?
-24a5
In base 11, what is 156659 - 3?
156656
In base 16, what is -7ad - 1c?
-7c9
In base 13, what is 0 - 21c4?
-21c4
In base 2, what is -110101010111100 + -1001111?
-110101100001011
In base 11, what is -31 - -18732?
18701
In base 7, what is 26232201 - 1?
26232200
In base 10, what is 25002 - 76?
24926
In base 16, what is 32b968 - 2?
32b966
In base 13, what is 6774 + -7?
676a
In base 11, what is 493a + 96?
4a25
In base 15, what is -915c + 0?
-915c
In base 7, what is -21 - 123615?
-123636
In base 12, what is 1059a1 - 0?
1059a1
In base 15, what is d8 - 9?
ce
In base 9, what is -1738 + -20?
-1758
In base 16, what is -9e632 + 4?
-9e62e
In base 9, what is 0 + -171081?
-171081
In base 13, what is 9 + -10b?
-102
In base 6, what is -50 - 1352?
-1442
In base 16, what is -7a - 1e4?
-25e
In base 8, what is 340567 - 0?
340567
In base 12, what is -18127 + -22?
-18149
In base 10, what is -1686969 + -5?
-1686974
In base 9, what is -1 - 16538?
-16540
In base 5, what is 21 - -13230